{"id":2,"date":"2024-02-19T08:57:17","date_gmt":"2024-02-19T07:57:17","guid":{"rendered":"http:\/\/yohanarocher.com\/?page_id=2"},"modified":"2025-11-17T13:02:38","modified_gmt":"2025-11-17T12:02:38","slug":"page-d-exemple","status":"publish","type":"page","link":"https:\/\/yohanarocher.com\/index.php\/page-d-exemple\/","title":{"rendered":"Voix off\/ Doublage"},"content":{"rendered":"\n<blockquote class=\"wp-block-quote is-layout-flow wp-block-quote-is-layout-flow\">\n<p>Si je dois vous parler de ma Voix, elle a un grain particulier, certains diront sensuelle, grave, \u00e9raill\u00e9e. Ma voix adore \u00eatre port\u00e9e au th\u00e9\u00e2tre et a toujours ador\u00e9 chanter.<\/p>\n\n\n\n<p>Home Studio <\/p>\n<\/blockquote>\n\n\n\n<p><\/p>\n\n\n\n<p><strong>Voix Off <\/strong>&#8211; Maison de retraite Korian &#8211; Pub TV &#8211; WildTalents &#8211; <strong>2025<\/strong><\/p>\n\n\n\n<p><strong>Doublage  &#8211; <\/strong>Jeu Video \u00ab\u00a0<strong>The Elder Scrolls Online<\/strong>\u00a0\u00bb &#8211; Hifi Genie Productions &#8211;<strong> 2025<\/strong><\/p>\n\n\n\n<figure class=\"wp-block-audio\"><audio controls src=\"https:\/\/yohanarocher.com\/wp-content\/uploads\/2025\/11\/TESO2.wav\"><\/audio><figcaption class=\"wp-element-caption\">TESO2<\/figcaption><\/figure>\n\n\n\n<p><strong>Doublage  &#8211; <\/strong>Jeu Video \u00ab\u00a0<strong>The Elder Scrolls Online<\/strong>\u00a0\u00bb &#8211; Hifi Genie Productions &#8211;<strong> 2024<\/strong><\/p>\n\n\n\n<figure class=\"wp-block-audio\"><audio controls src=\"https:\/\/yohanarocher.com\/wp-content\/uploads\/2025\/06\/Demo-1-23062025-15.34-1.wav\"><\/audio><\/figure>\n\n\n\n<p><strong>Voix Off<\/strong> &#8211; Campagne TV + Digitale \u00ab\u00a0<strong>Colgate Max White<\/strong>\u00a0\u00bb &#8211; MENA, GCC &#8211; <strong>2024<\/strong><\/p>\n\n\n\n<p><strong>Voice Over &#8211; Documentaire sur France 5 &#8211; 3 r\u00f4les de femmes &#8211; 2024<\/strong><strong> <\/strong><\/p>\n\n\n\n<figure class=\"wp-block-audio\"><audio controls src=\"https:\/\/yohanarocher.com\/wp-content\/uploads\/2024\/05\/Voice-Over-Secret-du-Vol-09052024-16.01_1.mp3\"><\/audio><\/figure>\n\n\n\n<p><strong>Kinder Joy &#8211; Spots TV National &#8211; R\u00f4le de la Maman &#8211; 2024<\/strong><\/p>\n\n\n\n<p><strong>Kinougarde &#8211; Spots Radio&nbsp;+ TV &#8211; R\u00f4le de la maman &#8211; 2023 &#8211; La Maison de Production Paris:<\/strong> Rassurant\/joyeux\/Serein<\/p>\n\n\n\n<figure class=\"wp-block-audio\"><audio controls src=\"https:\/\/yohanarocher.com\/wp-content\/uploads\/2024\/03\/230526-Kinougarde_Le-Piment_m1-2.mp3\"><\/audio><\/figure>\n\n\n\n<p><strong>Emirates &#8211; Spots Radio multiples r\u00f4les&nbsp;: <\/strong>Emirates 1\u00e8re classe\/Classe affaire: \u00c9l\u00e9gant\/informatif\/Paisible<\/p>\n\n\n\n<figure class=\"wp-block-audio\"><audio controls src=\"https:\/\/yohanarocher.com\/wp-content\/uploads\/2024\/03\/Emirates-1ere-classe-.mp3\"><\/audio><\/figure>\n\n\n\n<p>Convaincant\/promo\/informatif<\/p>\n\n\n\n<figure class=\"wp-block-audio\"><audio controls src=\"https:\/\/yohanarocher.com\/wp-content\/uploads\/2024\/03\/Emirates-classe-affaire.mp3\"><\/audio><\/figure>\n\n\n\n<figure class=\"wp-block-audio\"><audio controls src=\"https:\/\/yohanarocher.com\/wp-content\/uploads\/2024\/03\/Emirates-Voyager-.mp3\"><\/audio><\/figure>\n\n\n\n<p><strong>Meetic: <\/strong>Confidentiel\/Intime\/ironique<\/p>\n\n\n\n<figure class=\"wp-block-audio\"><audio controls src=\"https:\/\/yohanarocher.com\/wp-content\/uploads\/2024\/03\/Meetic.mp3\"><\/audio><\/figure>\n\n\n\n<p><strong>B\u00e9b\u00e9 confort: <\/strong>Bienveillant\/doux\/enthousiaste<\/p>\n\n\n\n<figure class=\"wp-block-audio\"><audio controls src=\"https:\/\/yohanarocher.com\/wp-content\/uploads\/2024\/03\/Bebe-Confort.mp3\"><\/audio><\/figure>\n\n\n\n<p><strong>Crozatier:<\/strong> Sentimental\/souriant\/complice<\/p>\n\n\n\n<figure class=\"wp-block-audio\"><audio controls src=\"https:\/\/yohanarocher.com\/wp-content\/uploads\/2024\/03\/Crozatier.mp3\"><\/audio><\/figure>\n\n\n\n<p><strong>F\u00e9e Poussi\u00e8re (Extrait chant\u00e9):<\/strong>&nbsp;Cartoon\/Sarcastique\/Excit\u00e9<\/p>\n\n\n\n<figure class=\"wp-block-audio\"><audio controls src=\"https:\/\/yohanarocher.com\/wp-content\/uploads\/2024\/03\/Fee-poussiere-.mp3\"><\/audio><\/figure>\n\n\n\n<p><strong>Gratofolie:<\/strong> D\u00e9lirant\/exalt\u00e9\/euphorique<\/p>\n\n\n\n<figure class=\"wp-block-audio\"><audio controls src=\"https:\/\/yohanarocher.com\/wp-content\/uploads\/2024\/03\/Gratofolie-Delirant.mp3\"><\/audio><\/figure>\n\n\n\n<p><strong>L&rsquo;occitane: <\/strong>Sensuel\/classe\/murmur\u00e9<\/p>\n\n\n\n<figure class=\"wp-block-audio\"><audio controls src=\"https:\/\/yohanarocher.com\/wp-content\/uploads\/2024\/03\/L_occitane.mp3\"><\/audio><\/figure>\n\n\n\n<p><strong>Leroy Merlin:&nbsp;<\/strong>Promo\/professionnel\/heureux<\/p>\n\n\n\n<figure class=\"wp-block-audio\"><audio controls src=\"https:\/\/yohanarocher.com\/wp-content\/uploads\/2024\/03\/Leroy-Merlin.mp3\"><\/audio><\/figure>\n\n\n\n<p><strong>Chauve Souris:<\/strong> Sarcastique\/caricatural\/Excit\u00e9<\/p>\n\n\n\n<figure class=\"wp-block-audio\"><audio controls src=\"https:\/\/yohanarocher.com\/wp-content\/uploads\/2024\/03\/Chauve-Souris-changement-de-voixwav.mp3\"><\/audio><\/figure>\n\n\n\n<p><strong>Loto:<\/strong>&nbsp;Punchy\/promo\/enthousiaste<\/p>\n\n\n\n<figure class=\"wp-block-audio\"><audio controls src=\"https:\/\/yohanarocher.com\/wp-content\/uploads\/2024\/03\/Loto.mp3\"><\/audio><\/figure>\n\n\n\n<p><strong>M\u00e9tro: <\/strong>Spontan\u00e9\/joyeux\/naturel<\/p>\n\n\n\n<figure class=\"wp-block-audio\"><audio controls src=\"https:\/\/yohanarocher.com\/wp-content\/uploads\/2024\/03\/Metro.mp3\"><\/audio><\/figure>\n\n\n\n<p><\/p>\n","protected":false},"excerpt":{"rendered":"<p>Si je dois vous parler de ma Voix, elle a un grain particulier, certains diront sensuelle, grave, \u00e9raill\u00e9e. Ma voix adore \u00eatre port\u00e9e au th\u00e9\u00e2tre et a toujours ador\u00e9 chanter. Home Studio Voix Off &#8211; Maison de retraite Korian &#8211; Pub TV &#8211; WildTalents &#8211; 2025 Doublage &#8211; Jeu Video \u00ab\u00a0The Elder Scrolls Online\u00a0\u00bb &#8211; [&hellip;]<\/p>\n","protected":false},"author":1,"featured_media":0,"parent":0,"menu_order":0,"comment_status":"closed","ping_status":"open","template":"","meta":{"footnotes":""},"class_list":["post-2","page","type-page","status-publish","hentry"],"_links":{"self":[{"href":"https:\/\/yohanarocher.com\/index.php\/wp-json\/wp\/v2\/pages\/2","targetHints":{"allow":["GET"]}}],"collection":[{"href":"https:\/\/yohanarocher.com\/index.php\/wp-json\/wp\/v2\/pages"}],"about":[{"href":"https:\/\/yohanarocher.com\/index.php\/wp-json\/wp\/v2\/types\/page"}],"author":[{"embeddable":true,"href":"https:\/\/yohanarocher.com\/index.php\/wp-json\/wp\/v2\/users\/1"}],"replies":[{"embeddable":true,"href":"https:\/\/yohanarocher.com\/index.php\/wp-json\/wp\/v2\/comments?post=2"}],"version-history":[{"count":36,"href":"https:\/\/yohanarocher.com\/index.php\/wp-json\/wp\/v2\/pages\/2\/revisions"}],"predecessor-version":[{"id":228,"href":"https:\/\/yohanarocher.com\/index.php\/wp-json\/wp\/v2\/pages\/2\/revisions\/228"}],"wp:attachment":[{"href":"https:\/\/yohanarocher.com\/index.php\/wp-json\/wp\/v2\/media?parent=2"}],"curies":[{"name":"wp","href":"https:\/\/api.w.org\/{rel}","templated":true}]}}