{"id":19,"date":"2024-03-11T20:05:49","date_gmt":"2024-03-11T19:05:49","guid":{"rendered":"https:\/\/yohanarocher.com\/?page_id=19"},"modified":"2026-01-09T15:00:23","modified_gmt":"2026-01-09T14:00:23","slug":"theatre","status":"publish","type":"page","link":"https:\/\/yohanarocher.com\/index.php\/theatre\/","title":{"rendered":"Th\u00e9\u00e2tre"},"content":{"rendered":"\n<p>\u00ab\u00a0Charge mentale, Sauve qui peut!\u00a0\u00bb par Flore Fauchille (R\u00f4le D&rsquo;Ella en alternance avec Marine Toulet) &#8211; Com\u00e9die Montorgeuil, Paris &#8211; Ann\u00e9e 2026 ( Plus de 20 dates) <\/p>\n\n\n\n<p>\u00ab\u00a0La Fabuleuse aventure d&rsquo;Aurore Sand\u00a0\u00bb par Mily Neau (R\u00f4le d&rsquo;une f\u00e9e&nbsp;qui chante et qui danse, r\u00f4le de la chauve souris : cartoon changement de voix) &#8211; 2023\/2024<\/p>\n\n\n\n<p>\u00ab\u00a0Les Portes\u00a0\u00bb de Mily Neau (Vieille femme, jeune femme DRH, temoin de jehovah, vieille femme avec alzheimer, chant, danse) &#8211; 2023\/2024<\/p>\n\n\n\n<p>\u00ab\u00a0Haut les coeurs\u00a0\u00bb d&rsquo;Antonin Gitton , lectures jou\u00e9es, Paris 2023\/2024<\/p>\n\n\n\n<p>\u00ab\u00a0Le voyageur sans bagage\u00a0\u00bb de Jean Anouilh (R\u00f4le de la cuisini\u00e8re et du petit gar\u00e7on l&rsquo;oncle Madensale) &#8211; 2023<\/p>\n\n\n\n<p>\u00ab\u00a0Le Besoin d&rsquo;aimer\u00a0\u00bb de Jacques Autreau (R\u00f4le de Lisette la servante) &#8211; 2022<\/p>\n","protected":false},"excerpt":{"rendered":"<p>\u00ab\u00a0Charge mentale, Sauve qui peut!\u00a0\u00bb par Flore Fauchille (R\u00f4le D&rsquo;Ella en alternance avec Marine Toulet) &#8211; Com\u00e9die Montorgeuil, Paris &#8211; Ann\u00e9e 2026 ( Plus de 20 dates) \u00ab\u00a0La Fabuleuse aventure d&rsquo;Aurore Sand\u00a0\u00bb par Mily Neau (R\u00f4le d&rsquo;une f\u00e9e&nbsp;qui chante et qui danse, r\u00f4le de la chauve souris : cartoon changement de voix) &#8211; 2023\/2024 \u00ab\u00a0Les [&hellip;]<\/p>\n","protected":false},"author":1,"featured_media":0,"parent":0,"menu_order":0,"comment_status":"closed","ping_status":"closed","template":"","meta":{"footnotes":""},"class_list":["post-19","page","type-page","status-publish","hentry"],"_links":{"self":[{"href":"https:\/\/yohanarocher.com\/index.php\/wp-json\/wp\/v2\/pages\/19","targetHints":{"allow":["GET"]}}],"collection":[{"href":"https:\/\/yohanarocher.com\/index.php\/wp-json\/wp\/v2\/pages"}],"about":[{"href":"https:\/\/yohanarocher.com\/index.php\/wp-json\/wp\/v2\/types\/page"}],"author":[{"embeddable":true,"href":"https:\/\/yohanarocher.com\/index.php\/wp-json\/wp\/v2\/users\/1"}],"replies":[{"embeddable":true,"href":"https:\/\/yohanarocher.com\/index.php\/wp-json\/wp\/v2\/comments?post=19"}],"version-history":[{"count":12,"href":"https:\/\/yohanarocher.com\/index.php\/wp-json\/wp\/v2\/pages\/19\/revisions"}],"predecessor-version":[{"id":241,"href":"https:\/\/yohanarocher.com\/index.php\/wp-json\/wp\/v2\/pages\/19\/revisions\/241"}],"wp:attachment":[{"href":"https:\/\/yohanarocher.com\/index.php\/wp-json\/wp\/v2\/media?parent=19"}],"curies":[{"name":"wp","href":"https:\/\/api.w.org\/{rel}","templated":true}]}}